{"id":1669,"date":"2021-01-13T17:01:43","date_gmt":"2021-01-13T16:01:43","guid":{"rendered":"https:\/\/cm.acciaiterni.it\/?page_id=1669"},"modified":"2024-09-06T16:18:22","modified_gmt":"2024-09-06T14:18:22","slug":"oculistica-2","status":"publish","type":"page","link":"https:\/\/cm.acciaiterni.it\/?page_id=1669","title":{"rendered":"OCULISTICA"},"content":{"rendered":"<div id='layer_slider_1'  class='avia-layerslider main_color avia-shadow  avia-builder-el-0  el_before_av_layout_row  avia-builder-el-first  container_wrap fullsize' style='  height: 451px; max-width: 1500px; margin: 0 auto;' ><\/div>\n<div id='av-layout-grid-1'  class='av-layout-grid-container entry-content-wrapper main_color av-fixed-cells     avia-builder-el-1  el_after_av_layerslider  el_before_av_heading  submenu-not-first container_wrap fullsize' style=' '  >\n<div class=\"flex_cell no_margin av_one_half  avia-builder-el-2  el_before_av_cell_one_half  avia-builder-el-first   \"  style='vertical-align:top; padding:9px 0px 0px 0px ; background-color:#2388c2; ' ><div class='flex_cell_inner' ><\/div><\/div><div class=\"flex_cell no_margin av_one_half  avia-builder-el-3  el_after_av_cell_one_half  avia-builder-el-last   \"  style='vertical-align:top; padding:9px 0px 0px 0px ; background-color:#5fb4e4; ' ><div class='flex_cell_inner' ><\/div><\/div>\n<\/div><div id='after_submenu_1'  class='main_color av_default_container_wrap container_wrap fullsize' style=' '  ><div class='container' ><div class='template-page content  av-content-full alpha units'><div class='post-entry post-entry-type-page post-entry-1669'><div class='entry-content-wrapper clearfix'>\n<div  style='padding-bottom:10px; ' class='av-special-heading av-special-heading-h2  blockquote modern-quote  avia-builder-el-4  el_after_av_layout_row  el_before_av_one_full  avia-builder-el-first  '><h2 class='av-special-heading-tag '  itemprop=\"headline\"  >OCULISTICA<\/h2><div class='special-heading-border'><div class='special-heading-inner-border' ><\/div><\/div><\/div>\n<div class=\"flex_column av_one_full  flex_column_div av-zero-column-padding first  avia-builder-el-5  el_after_av_heading  el_before_av_heading  \" style='border-radius:0px; '><section class=\"av_textblock_section \"  itemscope=\"itemscope\" itemtype=\"https:\/\/schema.org\/CreativeWork\" ><div class='avia_textblock  '   itemprop=\"text\" ><p>La visita Oculistica \u00e8 finalizzata a valutare le condizioni di salute degli occhi e quindi a diagnosticare o escludere la presenza di patologie oculari e stabilire la relativa terapia. Si pu\u00f2 venire sottoposti a visita oculistica anche per monitorare patologie degli occhi gi\u00e0 diagnosticate. Molte malattie oculari sono asintomatiche, conseguentemente \u00e8 raccomandabile eseguire esami oculari periodici soprattutto se ci sono familiari con patologie della vista.<\/p>\n<p>Il controllo oculistico, inoltre, consente di rilevare altre malattie (malattie sistemiche, tumori e patologie del sistema nervoso) caratterizzate da manifestazioni oculari cos\u00ec da trasmettere ad altri medici specialisti come l\u2019internista, il neurologo, il diabetologo, lo stato dell\u2019apparato vascolare a livello di microcircolo, i rapporti con il cervello ed eventuali alterazioni metaboliche.<\/p>\n<\/div><\/section><\/div>\n<div  style='padding-bottom:10px; ' class='av-special-heading av-special-heading-h3  blockquote modern-quote  avia-builder-el-7  el_after_av_one_full  el_before_av_hr  '><h3 class='av-special-heading-tag '  itemprop=\"headline\"  >SPECIALISTI<\/h3><div class='special-heading-border'><div class='special-heading-inner-border' ><\/div><\/div><\/div>\n<div   class='hr hr-default   avia-builder-el-8  el_after_av_heading  el_before_av_one_fourth '><span class='hr-inner ' ><span class='hr-inner-style'><\/span><\/span><\/div>\n<div class=\"flex_column av_one_fourth  flex_column_div av-zero-column-padding first  avia-builder-el-9  el_after_av_hr  el_before_av_one_fourth  \" style='border-radius:0px; '><p><div  class='avia-image-container  av-styling-    avia-builder-el-10  el_before_av_textblock  avia-builder-el-first  avia-align-center '  itemprop=\"image\" itemscope=\"itemscope\" itemtype=\"https:\/\/schema.org\/ImageObject\"  ><div class='avia-image-container-inner'><div class='avia-image-overlay-wrap'><img decoding=\"async\" class='wp-image-1671 avia-img-lazy-loading-not-1671 avia_image' src=\"https:\/\/cm.acciaiterni.it\/wp-content\/uploads\/2021\/01\/03_02_PONTEGGIA_M.jpg\" alt='' title='03_02_PONTEGGIA_M' height=\"403\" width=\"384\"  itemprop=\"thumbnailUrl\" srcset=\"https:\/\/cm.acciaiterni.it\/wp-content\/uploads\/2021\/01\/03_02_PONTEGGIA_M.jpg 384w, https:\/\/cm.acciaiterni.it\/wp-content\/uploads\/2021\/01\/03_02_PONTEGGIA_M-286x300.jpg 286w\" sizes=\"(max-width: 384px) 100vw, 384px\" \/><\/div><\/div><\/div><br \/>\n<section class=\"av_textblock_section \"  itemscope=\"itemscope\" itemtype=\"https:\/\/schema.org\/CreativeWork\" ><div class='avia_textblock  '   itemprop=\"text\" ><p style=\"text-align: center;\"><b>Dott.ssa Marina Ponteggia<br \/>\n<\/b><\/p>\n<\/div><\/section><\/p><\/div>\n<div class=\"flex_column av_one_fourth  flex_column_div av-zero-column-padding   avia-builder-el-12  el_after_av_one_fourth  avia-builder-el-last  \" style='border-radius:0px; '><p><div  class='avia-image-container  av-styling-    avia-builder-el-13  el_before_av_textblock  avia-builder-el-first  avia-align-center '  itemprop=\"image\" itemscope=\"itemscope\" itemtype=\"https:\/\/schema.org\/ImageObject\"  ><div class='avia-image-container-inner'><div class='avia-image-overlay-wrap'><img decoding=\"async\" class='wp-image-1959 avia-img-lazy-loading-not-1959 avia_image' src=\"https:\/\/cm.acciaiterni.it\/wp-content\/uploads\/2021\/02\/Dottoressa.jpg\" alt='' title='Dottoressa' height=\"403\" width=\"385\"  itemprop=\"thumbnailUrl\" srcset=\"https:\/\/cm.acciaiterni.it\/wp-content\/uploads\/2021\/02\/Dottoressa.jpg 385w, https:\/\/cm.acciaiterni.it\/wp-content\/uploads\/2021\/02\/Dottoressa-287x300.jpg 287w\" sizes=\"(max-width: 385px) 100vw, 385px\" \/><\/div><\/div><\/div><br \/>\n<section class=\"av_textblock_section \"  itemscope=\"itemscope\" itemtype=\"https:\/\/schema.org\/CreativeWork\" ><div class='avia_textblock  '   itemprop=\"text\" ><p style=\"text-align: center;\"><b>Dott.ssa Maria Alfonsina Corrieri<br \/>\n<\/b><\/p>\n<\/div><\/section><\/p><\/div>\n","protected":false},"excerpt":{"rendered":"","protected":false},"author":1,"featured_media":0,"parent":1459,"menu_order":0,"comment_status":"closed","ping_status":"closed","template":"","meta":{"footnotes":""},"class_list":["post-1669","page","type-page","status-publish","hentry"],"_links":{"self":[{"href":"https:\/\/cm.acciaiterni.it\/index.php?rest_route=\/wp\/v2\/pages\/1669","targetHints":{"allow":["GET"]}}],"collection":[{"href":"https:\/\/cm.acciaiterni.it\/index.php?rest_route=\/wp\/v2\/pages"}],"about":[{"href":"https:\/\/cm.acciaiterni.it\/index.php?rest_route=\/wp\/v2\/types\/page"}],"author":[{"embeddable":true,"href":"https:\/\/cm.acciaiterni.it\/index.php?rest_route=\/wp\/v2\/users\/1"}],"replies":[{"embeddable":true,"href":"https:\/\/cm.acciaiterni.it\/index.php?rest_route=%2Fwp%2Fv2%2Fcomments&post=1669"}],"version-history":[{"count":13,"href":"https:\/\/cm.acciaiterni.it\/index.php?rest_route=\/wp\/v2\/pages\/1669\/revisions"}],"predecessor-version":[{"id":2678,"href":"https:\/\/cm.acciaiterni.it\/index.php?rest_route=\/wp\/v2\/pages\/1669\/revisions\/2678"}],"up":[{"embeddable":true,"href":"https:\/\/cm.acciaiterni.it\/index.php?rest_route=\/wp\/v2\/pages\/1459"}],"wp:attachment":[{"href":"https:\/\/cm.acciaiterni.it\/index.php?rest_route=%2Fwp%2Fv2%2Fmedia&parent=1669"}],"curies":[{"name":"wp","href":"https:\/\/api.w.org\/{rel}","templated":true}]}}